t is the units digit of y?
3
Let b be 5103/72 + (-1)/(-8). Suppose q + q - b = -3*t, 5*t - 117 = -3*q. What is the units digit of t?
1
Let c = 4 + -3. Let a be 1/(c - 4/6). Suppose 0*p - 86 = -5*x - a*p, 2*x - 5*p = 22. What is the units digit of x?
6
Suppose -3*s = 0, 6*z + 5*s = z - 1525. Let c = z + 586. What is the tens digit of c?
8
Suppose -2 = 3*v - 2*p, -2*v - 1 = -3*v - p. Suppose -6*f = -n - f + 33, -2*f = v. Suppose -141 = -3*j - n. What is the tens digit of j?
3
Suppose 1524 = -16*j + 22*j. What is the hundreds digit of j?
2
Let q = 19 + -23. Let a be -4 + 7/((-7)/q). Suppose -2*m - m + 27 = a. What is the units digit of m?
9
Let y(f) = 26*f**2 - f - 1. Suppose 0*p + 6*p + 12 = 0. What is the units digit of y(p)?
5
Suppose 3*y - 15 = 0, y = -m - 0*m - 4. Let u = m - -13. Suppose -u*o = -3*f - 0*f + 120, 0 = -o. What is the tens digit of f?
4
Let s(d) = -17*d + 28. Let v(r) = 8*r - 14. Let y(x) = -4*s(x) - 7*v(x). What is the units digit of y(10)?
6
Let h = 7623 + -2566. What is the units digit of h?
7
Let s be (2*1)/(12 - 10). Let v = 8 - s. Let p = v + 12. What is the tens digit of p?
1
Let a(s) = -3*s**2 + 18*s - 12. Let i be a(5). Suppose -i*u = -5*f + 40 - 164, 4 = f. What is the tens digit of u?
4
Let w be 10 + -15 - -1*11. Suppose 0 = w*k - 183 - 321. What is the units digit of k?
4
Let m(t) = t**3 - 7*t**2 + 5*t + 6. Suppose 0 = -2*c + 7 + 5. Let z be m(c). Suppose 2*x - 6*x + 76 = z. What is the units digit of x?
9
Let b(s) = -s**3 - 7*s**2 + s - 4. Let y be b(-7). Let r = y - -25. Suppose -m = 4 - r. What is the tens digit of m?
1
Suppose -3*h - 155 = -4*s, -2*h - 195 = -5*s + 3*h. Let x = s + 2. What is the units digit of x?
0
Suppose 0 = -5*p - 2*h + 3816, -2*p + 7*p = 4*h + 3798. What is the tens digit of ((-5)/15)/((-2)/p)?
2
Suppose -b = -2*z - 4, 2*z + 4 = -3*b - 0*z. Suppose b = 4*x + x - 90. What is the units digit of (-4)/x + 249/27?
9
Let r = -114 + 1820. What is the units digit of r?
6
Suppose -4*y = k - 0*k - 28, 5*y = 2*k + 35. Suppose 0 = -4*i - 3*w + 36, 0 = 3*i - y*i + w + 52. What is the units digit of i?
2
What is the tens digit of 53072/93 + 2/(-3)?
7
Suppose 5*y - 5*k + 55 = 0, -5*y - 7*k = -3*k + 10. Let n = y + 123. What is the units digit of n?
7
Let x be (2 + ((-46)/10 - -3))*10. Suppose m - q - 107 = -39, q + 272 = x*m. What is the tens digit of m?
6
Suppose -i = -14 - 1. Let w = i - 6. What is the units digit of w?
9
Let x(j) = 218*j - 997. What is the hundreds digit of x(32)?
9
Suppose -4*a + 3*a + 5*k = 20, 0 = 3*a - 5*k + 50. What is the tens digit of 5/(-25) - (-2 + 4008/a)?
6
Suppose 3*k - c + 14 = -15, -2*k + 5*c - 15 = 0. Let o(v) = -v**3 - 10*v**2 - v - 6. Let r be o(k). What is the tens digit of r/7 - 2805/(-77)?
3
Let t(l) = -l**2 + 12*l - 4. Let q = -9 - -15. What is the units digit of t(q)?
2
What is the units digit of (666/14*-4)/((-205)/1435)?
2
Suppose 0 = -b - 4*l + 1640, 3447 = 3*b - 4*l - 1393. What is the thousands digit of b?
1
Let l(b) = -64*b + 5. Let j(q) = -q**2 + 4*q - 7. Let o be j(3). Let c be l(o). Suppose 7*p - c = -2*p. What is the tens digit of p?
2
Suppose -4*r - g + 68 = 0, 2*r + 5*g - 3 = 13. Suppose 0*p + r = 3*p + 4*j, -5*j - 6 = -p. Suppose -p = -i + 6. What is the units digit of i?
2
What is the tens digit of ((-2)/13 - 232920/(-78)) + -4?
8
Let q = 44 - 44. Suppose 4*z + 3*a + q*a - 989 = 0, 5*z + a = 1239. What is the hundreds digit of z?
2
Let j(w) = w**3 + 7*w**2 - 60*w - 35. What is the thousands digit of j(11)?
1
Suppose 2 + 188 = 5*n. Suppose 4*h = 6*h + 66. Let g = n - h. What is the units digit of g?
1
Suppose -21*p - 340060 = -119*p. What is the tens digit of p?
7
Suppose 0 = 5*j + 2*n + n + 35, -5*j - 2*n = 30. Let d = -4 - j. Suppose 4*m = 2*f + 10, -m - 3*f - 8 = -d*m. What is the units digit of m?
1
Let j(b) = 4*b**2 + 75*b - 18. Let h be 20/4 - 24 - 3. What is the units digit of j(h)?
8
Let l = -41 - -69. Let g = -18 + l. Suppose -5*z - 400 = -g*z. What is the units digit of z?
0
Suppose -52*m - 9869 = -5*j - 56*m, m + 4 = 0. What is the hundreds digit of j?
9
Suppose 2*k = -0*l - l + 13, -12 = -3*k. Suppose -l*p + 9 + 1 = 0. Suppose p*d = 3*d - 57. What is the units digit of d?
7
Let c(g) = 2*g**3 - g - 12. Suppose 23 = 3*a + 5*x + 6, -16 = -5*a + 4*x. What is the hundreds digit of c(a)?
1
Suppose 10*h - 4284 = 6*h - 2*p, 4*h + 5*p = 4296. What is the thousands digit of h?
1
Let b be (-6)/(-16) - 847/(-88). Let v(d) = -d**3 + 9*d**2 + 17*d. What is the tens digit of v(b)?
7
Suppose -6 = n - 5. Let s be (-13)/(-39)*13*-3. Let p = n - s. What is the tens digit of p?
1
Suppose 8 + 0 = 4*z + l, l - 1 = 3*z. Let o(a) = 4*a. Let n be o(z). Suppose -n*g + 84 = p - 5*p, 4 = 4*p. What is the tens digit of g?
2
Let f(y) = -85*y - 19. Let t be f(-8). Suppose -8*z + 539 = -t. Suppose 5*c + z = 410. What is the tens digit of c?
5
Let a be (32/12)/((-14)/(-357)). Let z = a - 5. What is the tens digit of z?
6
Suppose -47*a + 106100 = 3*a. What is the thousands digit of a?
2
What is the tens digit of (-1)/((-6762)/1351 - -5) - -4?
9
Suppose 2*b + 5*z = 3694, b + 5*z = 6 + 1841. What is the thousands digit of b?
1
Suppose 109 = 2*y + 2*n - 47, -153 = -2*y - 3*n. What is the tens digit of (y/36)/(6/160)?
6
Suppose 4*r = -r. Suppose 3*j + 0*j - 12 = r. Suppose -3*p + 15 = -j*h - 31, -5*h + 100 = 5*p. What is the tens digit of p?
1
Let x = 267 - 149. Suppose -3*b + x = 7. What is the tens digit of b?
3
Suppose 33*i - 284 = 29*i. Let j = i - 43. What is the tens digit of j?
2
What is the units digit of ((-42)/(-126))/(1/1374)?
8
Let s(i) = -3*i**3 + i**2 - i - 1. Let h be s(-1). Let z be -4 + 5 + (-3)/(3/(-2816)). What is the units digit of h/30 + z/135?
1
Suppose 17*k - 5977 = 21087. What is the units digit of k?
2
Let x(f) = 58*f + 4. Let c be x(4). Let m = c - 148. Let a = m - 61. What is the tens digit of a?
2
Suppose i + 52 = r, -2*i - 2*i = 2*r + 178. Let u = i - -75. Suppose 0 = 4*c - 80 + u. What is the tens digit of c?
1
Let t(i) = i**2 + 2*i - 195. Let x be t(0). What is the tens digit of -4 - (0 + x)/5?
3
Suppose -2*q = -4*h - 5052, 4*h - 7570 = -3*q + 6*h. What is the hundreds digit of q?
5
What is the thousands digit of ((-56)/(-28))/(3/1695)?
1
Suppose 3*z + 4 = 5*z. Suppose -3*o = z*l - 100, 2*l - 5*o + 4*o = 100. What is the tens digit of l?
5
Let y(v) = 5*v - 8. Let n(f) = f**2 - 9*f - 6. Let a be n(10). What is the units digit of y(a)?
2
Let m = -13 + 8. What is the units digit of (-1)/m + 1876/20?
4
Let s = 353 - 101. What is the tens digit of s?
5
Let b = 0 - -5. Suppose -b*t = -2*t - 3*d - 93, -4*t + 120 = -5*d. What is the units digit of t?
5
Let f(v) = 81*v**2 - 9*v - 13. What is the units digit of f(5)?
7
Suppose 2851 = 2*x + 4*d - 1505, -2*x + 4*d = -4356. What is the tens digit of x?
7
Suppose p = 2*g - 4*g + 3, 0 = 3*p - 5*g - 20. Suppose 6*i = i. Suppose 5 = p*o - i*o. What is the units digit of o?
1
Let x(v) = 5 - 5 - 6*v**2 - 3 + v**3 - 2 - 6*v. Let u be x(7). Suppose 0 = -4*b + u*c + 124, 4*b - 130 = 2*c - 3*c. What is the units digit of b?
2
Let w(y) = -y**3 - 5*y**2 - 6*y + 2. Let r be w(-5). Suppose -2*d + 2*p + r = 0, -4*d + 42 + 21 = -5*p. What is the tens digit of d?
1
Let z be 626/10 - (-6)/15. Let o = z + 66. What is the hundreds digit of o?
1
Let a(y) = -y**2 - 2*y - 2. Suppose 10 = 5*n - 0. Let r(b) = b + 1. Let o(x) = n*r(x) - a(x). What is the units digit of o(-4)?
4
Suppose 5*h - 557 = 228. Suppose 7*g - 634 = h. What is the units digit of g?
3
Let d(c) = 109*c + 132. What is the units digit of d(6)?
6
Let z(o) = -11*o**3 - o**2 + 2. Let n = 76 - 78. What is the tens digit of z(n)?
8
Suppose 2*y - 5*y = 0, -4*y + 55 = -5*v. What is the tens digit of (14 + v)*52/6?
2
Let s(h) = -h**3 - h**2 - 14*h + 9. Let x be s(-8). Let z = x + -384. What is the units digit of z?
5
Suppose -5*d - 40 = -5*y, -6*y + 80 = -y + 5*d. Let z = y - 7. Suppose 4*g = -2*t - 2*t + 204, 2*g + 241 = z*t. What is the units digit of t?
9
Suppose -i - 15 = 2*i. Let m = i + 13. What is the units digit of m?
8
Let h(o) = o**3 - o**2 + 4. Let b be h(0). Suppose 0 = -0*j - b*j - 64. What is the units digit of 2 + -2 - (j - 2)?
8
Suppose -f + 5*z - 12 = 0, 5 = -0*z + 5*z. Let t = 1 - f. Suppose t = 5*r - 42. What is the tens digit of r?
1
What is the th